+ 5. Suppose -3*y + 31 = -2*f, 0 = -y - 3*f + 2*f + 7. What is the hundreds digit of j(y)?
1
Let x = 608 - 378. Let w = x - 87. What is the hundreds digit of w?
1
Let l(a) = -a + 21. Suppose -8 = -b + 9. Let p be l(b). Suppose p*f = 9*f - 40. What is the units digit of f?
8
Suppose 2*b + 4*d = 4266, -3*d = 3*b - 4246 - 2141. What is the units digit of b?
5
Let x be -1*(6 - -1)*33. Let u = x - -453. What is the tens digit of u?
2
What is the tens digit of (-4056)/(-9) - (-4)/(-6)?
5
Suppose 6 = q + y, 3*q + 2*y = -q + 24. Let i = -11 + q. Let a = 15 - i. What is the units digit of a?
0
Let u be (-35)/2*16/(-28). What is the units digit of ((-7)/2)/(u/(-20))?
7
Let p = -15 + 15. Suppose 0 = -d - p*d + 64. What is the tens digit of d?
6
Suppose 0 = -11*h + 398 + 1109. Let f = h - 78. What is the tens digit of f?
5
Suppose 4272 = 4*t - 4*j, -11*t = -10*t + 2*j - 1071. What is the thousands digit of t?
1
Let v be 0 + 3 - (-4 + 4). Suppose 0*k - 12 = v*k. What is the units digit of 38*k/24*-3?
9
Let k = 700 - 502. What is the hundreds digit of k?
1
Let i(l) = -l**2 - 3. Let u be i(0). Let g be u/(-2) - 580/(-8). Suppose x + g = 3*s, -4*s - 5*x + 130 = s. What is the tens digit of s?
2
Suppose 2150 - 6322 = -2*t - m, 3*m = -5*t + 10432. What is the tens digit of t?
8
Suppose 0 = 5*q - 10 - 0. Let s = q + -2. Suppose 3*u + 3*h - h - 228 = s, -2*h + 6 = 0. What is the tens digit of u?
7
Let m(j) = -j + 5*j**2 - 5*j**2 - 4*j**2 + 3*j**2 + j**3 + 1. Let q be m(2). Suppose h + 52 = q*h. What is the tens digit of h?
2
Suppose 0 = -5*v - 6 - 24. Let f = v - -8. Suppose -f*n + 17 + 3 = 0. What is the tens digit of n?
1
Let z = -649 + 940. What is the hundreds digit of z?
2
Let h = -45 - -79. Suppose -3 = -p + 3*n, n - 3 = -p - 2*n. Suppose g = p + h. What is the tens digit of g?
3
Let f(j) = 5*j**3 - 5*j**2 + 4*j - 4. Suppose 3*d - 22 = -13. What is the units digit of f(d)?
8
What is the hundreds digit of (-11464)/(-32) - 1*(-2)/(-8)?
3
Suppose -2*y + 5*y - 5454 = 3*x, -5*y = 0. What is the hundreds digit of (-2)/4 + 1 + x/(-12)?
1
Let m = 14401 - 9132. What is the tens digit of m?
6
Let u(l) = -12*l**3 - 2*l**2 - 3*l - 1. Let n be u(-2). Let d = -20 + n. Let i = d - 45. What is the tens digit of i?
2
Let f = -4 + 11. Let y be (f/14)/((-2)/(-12)). Suppose -2*z = y*z - 115. What is the units digit of z?
3
Let v(s) = -29*s - 35. Let x be v(-7). Suppose u + 4*u = k + 112, -3*u + 231 = -2*k. Let g = x + k. What is the tens digit of g?
5
Let g = -15 + 20. Let w be (-2)/g - 52/(-5). Suppose h + 15 = 2*n - w, 0 = -2*n + 5*h + 13. What is the tens digit of n?
1
Let c be 16*4/8 + -3. Suppose q - 2*t - 3 = -0, -q + c*t + 3 = 0. Suppose 2*y - q*j = 8 + 13, 3*y = -j + 59. What is the units digit of y?
8
Let f = 6 + -6. Let i = 0 + f. What is the units digit of i + 4*(6 - 2)?
6
What is the tens digit of 278*2 - (-4 + 0)?
6
What is the hundreds digit of ((-98)/(-8))/(-5*3/(-420))?
3
Let t(j) = 3*j**2 + 43*j + 14. Let a be t(-14). Suppose -m + 3*i + 122 = a, -2*m = -6*m - 5*i + 471. What is the tens digit of m?
1
Suppose 521 + 208 = 3*b. Suppose -b = -4*m + 53. What is the tens digit of m?
7
Let c = -576 + 1463. What is the tens digit of c?
8
Let d(m) = -13*m + 13. Let o be 18/15*(1 - 6). What is the units digit of d(o)?
1
Let h be 9 - 18 - (-2 - -1). Let k(g) = -g**2 + 3*g - 2. Let j be k(3). What is the tens digit of h/16 - 95/j?
4
Let m(z) = 6*z + 1. Let o be m(1). What is the tens digit of (o - 3)/(2/32)?
6
Let k be 105*((-205)/(-15) - (-2)/(-3)). Suppose k = 13*c - 8*c. What is the units digit of c?
3
Let w be 1598/12 - 4/24. Suppose -g = -4*f + 2*f + 82, 3*f - w = -g. What is the tens digit of f?
4
Suppose 136*b = 130*b + 7692. What is the tens digit of b?
8
Suppose -5*u = -l - l + 625, 5*u + 1265 = 4*l. Suppose 0 = -3*j - 4*n + l, -5*n - 275 = -9*j + 6*j. What is the units digit of j?
0
Let m = 10 - 8. Suppose 80 = m*u + 24. Suppose 5*q = c - u, 3 = -5*q - 2. What is the tens digit of c?
2
Let c(w) = -7*w - 5. Let h(n) = -1 + 5 - n - n. Let v be h(4). What is the units digit of c(v)?
3
Suppose 3*z - 11 = -r, 2*r - z - 3*z + 8 = 0. Let j(u) = -4*u - u**r - 8*u + 3 + 7. What is the tens digit of j(-11)?
2
Suppose -25*j = -3209 - 4516. What is the units digit of j?
9
Let u = 668 + 715. What is the thousands digit of u?
1
Let a(s) = -77*s + 14. What is the hundreds digit of a(-5)?
3
Suppose -5*u = -3*z - 3310 - 4008, -3*u = -4*z - 4393. What is the tens digit of u?
6
Let b = 48 - -199. What is the units digit of b?
7
Let w = 1468 + -906. What is the tens digit of w?
6
Suppose 0 - 4 = 2*k, z + 2*k = 1. Suppose 2*x - 26 = -5*u, -4*x + 52 = z*u - 4*u. Suppose o - x = 15. What is the tens digit of o?
2
Suppose -20*w = -20450 - 10650. What is the hundreds digit of w?
5
Let r(o) = -5*o + 726. What is the tens digit of r(0)?
2
Let y(b) = b - 6. Let h be y(8). Let s(w) = -59 - w + 56 + 3*w**2 + 0*w**h. What is the tens digit of s(-3)?
2
Let h(i) = -102*i + 242. What is the hundreds digit of h(-8)?
0
Let o = 8643 - 4983. What is the tens digit of o?
6
Let v(b) = 51*b**2 + 51*b - 345. What is the thousands digit of v(7)?
2
Suppose -4*n - 354 - 318 = 0. Let a = 286 + n. What is the units digit of a?
8
Let t = 117 + -111. Let r = -59 - -101. Suppose 0*s - r = -t*s. What is the units digit of s?
7
Suppose 17*i - 7253 = -1847. What is the units digit of i?
8
Suppose -3*v + 12 - 3 = 0. Suppose -6*g + 28 = -g - 4*r, -v*r - 18 = -3*g. Suppose -g*b - 18 = -6*b. What is the units digit of b?
9
Suppose 15 + 15 = 6*g. What is the units digit of (0 + g/(-10))*-122?
1
Let i(x) = x**3 - 13*x**2 - 2*x - 17. What is the thousands digit of i(17)?
1
Let n = 2308 - 1619. What is the hundreds digit of n?
6
What is the hundreds digit of ((-2334)/(-9) + 8)/((-2)/(-6))?
8
Suppose -10*g = -11*g + 30. Let k be (1 - -299)*(-72)/(-27). What is the units digit of k/g - (-2)/6?
7
What is the tens digit of (430/30)/(-1 - (-530)/525)?
0
Suppose -4*c = -4*i - 2*c - 6, 2*i - 4*c + 12 = 0. Suppose 3*h + 0 - 6 = i. Suppose -v + 0*v = -h. What is the units digit of v?
2
Let z be (4/(-7))/((-12)/42). Suppose z*i = -2*y + 50, -i = -2*y + i + 66. What is the units digit of y?
9
Let r be 1 + -2 - (2 + -8). Suppose -4*c - 77 = -3*f, -f - 32 = -2*f - r*c. What is the units digit of f?
7
Let t = 14 + -14. Let k(q) = -q**3 + q**2 - 2*q + 32. Let b be k(t). Suppose -b = -3*h + 13. What is the tens digit of h?
1
What is the hundreds digit of (-1)/((-4)/5450)*12/15?
0
Let u be ((-1)/(-2))/((-2)/144). Let i = -27 - u. What is the units digit of 1/(4 + (-35)/i)?
9
Suppose -7813 - 71042 = -35*i. What is the thousands digit of i?
2
Let f = -457 + 1109. What is the hundreds digit of f?
6
What is the tens digit of (-6 + -9)*(-232)/6?
8
Let x be (-4)/14 - 2/(-7). Suppose -m + x + 1 = 0. What is the units digit of m?
1
Let j = -15 + 27. Suppose 17*y = j*y + 130. Let t = y - 7. What is the units digit of t?
9
Suppose -35*r = -26836 - 11664. What is the hundreds digit of r?
1
What is the units digit of -2*6/(-12) - -8?
9
Suppose -6*u - 40 + 316 = 0. What is the units digit of -1 + (u - (-4)/1)?
9
Suppose -3*d - t - t + 14 = 0, t = 4*d - 4. Suppose -6*q + d*q - 168 = 0. Let v = q + 62. What is the tens digit of v?
2
Suppose 5*t - 45 = -4*q, -4*t + 2*t = 3*q - 25. Suppose 4*i = -2*c + 84, 5*c = 4*c + t*i + 7. What is the tens digit of c?
3
Let h(d) = 6*d**2 - 10*d + 120. What is the tens digit of h(7)?
4
Let y(g) = -19*g**3 - g**2 + 23*g - 12. What is the units digit of y(-6)?
8
Suppose 0 = -0*p + 2*p - 72. Let y = 91 - p. What is the units digit of (-4 + -1)*(-319)/y?
9
Suppose -y = -0*b - 3*b + 4759, 4*b - 6352 = 3*y. What is the hundreds digit of b?
5
Let t = 117 - -69. What is the tens digit of t?
8
Let g = 270 + 1100. What is the tens digit of g?
7
Let u = -13 - -8. Let v(z) = 7 + 3*z - 27*z + 25*z. What is the units digit of v(u)?
2
Let i(z) be the third derivative of z**4/6 - z**3/2 + 2*z**2. What is the tens digit of i(14)?
5
What is the thousands digit of (-10225)/(-10) + (-7 - (-45)/6)?
1
Let i(f) = -5*f - 25. Let p be i(-5). Suppose p*s - 278 = -2*s. What is the hundreds digit of s?
1
Suppose -5*j + 4643 + 197 = 0. What is the hundreds digit of j?
9
Let v = 37 - 31. Suppose 2*a + 24 = v*a. What is the units digit of a?
6
